{"id":15,"date":"2022-09-30T05:27:36","date_gmt":"2022-09-30T05:27:36","guid":{"rendered":"https:\/\/afagarbipereverges.com\/?page_id=15"},"modified":"2023-02-23T09:52:43","modified_gmt":"2023-02-23T09:52:43","slug":"socis","status":"publish","type":"page","link":"https:\/\/afagarbipereverges.com\/?page_id=15","title":{"rendered":"Socis"},"content":{"rendered":"\n<p class=\"has-black-color has-text-color has-medium-font-size\"><strong>Fes-te soci<\/strong><\/p>\n\n\n\n<p>Us animem a fer-vos socis.<\/p>\n\n\n\n<p><\/p>\n\n\n\n<p>Podeu\u00a0 omplir el seg\u00fcent formulari clicant a l\u2019enlla\u00e7 o imprimir el document PDF (<a href=\"https:\/\/afagarbipereverges.com\/wp-content\/uploads\/2023\/02\/Butlleta_adhesio_AFA_Badalona_1.pdf\" target=\"_blank\" rel=\"noreferrer noopener\">Butlleta d&#8217;adhesi\u00f3<\/a>) i enviar-lo a <a href=\"mailto:hola@afagarbipereverges.com\">hola@afagarbipereverges.com<\/a><\/p>\n\n\n\n<p>Junts tenim m\u00e9s for\u00e7a tenim per vetllar pels interessos dels nostres fills i de les fam\u00edlies de la nostra Escola.<\/p>\n\n\n\n<p class=\"has-black-color has-text-color has-medium-font-size\"><strong>Qu\u00e8 implica ser soci de l\u2019AFA?<\/strong><\/p>\n\n\n\n<p>Els socis de l\u2019AFA, a m\u00e9s de tenir el suport de l\u2019associaci\u00f3 en la relaci\u00f3 amb l\u2019activitat de l\u2019escola, poden gaudir gratu\u00eftament de les xerrades i activitats que organitza l\u2019associaci\u00f3 i gaudir dels beneficis amb entitats amb les que l\u2019AFA pugui arribar a acords.<\/p>\n\n\n\n<p>Les tasques pr\u00f2pies del funcionament de l\u2019Associaci\u00f3 les realitzen les persones que formen part de la Junta amb la col.laboraci\u00f3 dels Delegats i Delegades de classe.<\/p>\n\n\n\n<p>Ser soci no implica cap responsabilitat per\u00f2 tens dret a participar activament en l\u2019estructura de l\u2019associaci\u00f3. &nbsp;<\/p>\n\n\n\n<p>Les fam\u00edlies de l\u2019Escola volunt\u00e0riament poden formar part dels Grup de Treball que s\u2019obriran a proposta dels socis i la Junta per aprofundir en tem\u00e0tiques o activitats d\u2019inter\u00e8s per tots.<\/p>\n\n\n\n<h4 class=\"has-black-color has-text-color has-medium-font-size wp-block-heading\"><strong>Quin cost t\u00e9 ser soci?<\/strong><\/h4>\n\n\n\n<p>La quota anual estipulada es de 30<strong> euros<\/strong> per a totes les fam\u00edlies. Cada any es comunicar\u00e0 la quota per fam\u00edlia segons es decideixi a l\u2019Assemblea General de la Junta de l\u2019AFA.<\/p>\n","protected":false},"excerpt":{"rendered":"<p>Fes-te soci Us animem a fer-vos socis. Podeu\u00a0 omplir el seg\u00fcent formulari clicant a l\u2019enlla\u00e7 o imprimir el document PDF (Butlleta d&#8217;adhesi\u00f3) i enviar-lo a&hellip;<\/p>\n","protected":false},"author":1,"featured_media":0,"parent":0,"menu_order":0,"comment_status":"closed","ping_status":"closed","template":"","meta":{"footnotes":""},"class_list":["post-15","page","type-page","status-publish","hentry"],"_links":{"self":[{"href":"https:\/\/afagarbipereverges.com\/index.php?rest_route=\/wp\/v2\/pages\/15","targetHints":{"allow":["GET"]}}],"collection":[{"href":"https:\/\/afagarbipereverges.com\/index.php?rest_route=\/wp\/v2\/pages"}],"about":[{"href":"https:\/\/afagarbipereverges.com\/index.php?rest_route=\/wp\/v2\/types\/page"}],"author":[{"embeddable":true,"href":"https:\/\/afagarbipereverges.com\/index.php?rest_route=\/wp\/v2\/users\/1"}],"replies":[{"embeddable":true,"href":"https:\/\/afagarbipereverges.com\/index.php?rest_route=%2Fwp%2Fv2%2Fcomments&post=15"}],"version-history":[{"count":8,"href":"https:\/\/afagarbipereverges.com\/index.php?rest_route=\/wp\/v2\/pages\/15\/revisions"}],"predecessor-version":[{"id":124,"href":"https:\/\/afagarbipereverges.com\/index.php?rest_route=\/wp\/v2\/pages\/15\/revisions\/124"}],"wp:attachment":[{"href":"https:\/\/afagarbipereverges.com\/index.php?rest_route=%2Fwp%2Fv2%2Fmedia&parent=15"}],"curies":[{"name":"wp","href":"https:\/\/api.w.org\/{rel}","templated":true}]}}